pose -2*x = 5*h - 1 - 21, -4*x + 14 = -5*h. Suppose 3*b - a - 2*a + x = 0, 5*b + 4*a = 35. Let t(j) = -6 - 1 + 2*j + 6. What is t(b)?
5
Let a(v) = 4*v. Let b(g) = -2*g - 2. Let m(d) = -5*d - 5. Let l(h) = 7*b(h) - 3*m(h). Let c be l(-2). Determine a(c).
-4
Let c(r) = -1 + 2*r + 10 - 8. Calculate c(3).
7
Let g(y) be the first derivative of 2*y**3 - 4 + 1/2*y**2 + 1/4*y**4 - 3*y. Give g(-6).
-9
Let i = 21 - 12. Let v = 5 - i. Let m(h) = 6*h - h**3 + 4*h**2 - 4*h**2 + 4 - 3*h**2. Give m(v).
-4
Let w(m) = m**2 + 2*m + 3. Let r(b) = -b**2 + 5*b - 6. Let g be r(5). Let p be 10/g + (-1)/3. Calculate w(p).
3
Suppose -2*t - 3*t + 65 = 4*x, -x - 40 = -5*t. Let l(f) = -10*f - f**2 + t*f - f + 6 + 6*f. Give l(6).
-6
Let s be (-2)/2 + (-6 - -9). Let k(v) = -2*v**2 + 4*v - 3. Give k(s).
-3
Let n(v) = v**2 + 8*v + 7. Suppose -32 = 3*c - 17. Give n(c).
-8
Let u(p) be the second derivative of -p**4/12 + p**3/6 - 7*p**2/2 + 9*p. Let b(g) = -5*g**2 + 3*g - 29. Let h(d) = -2*b(d) + 9*u(d). Give h(-5).
5
Let p(b) = 9*b + 2*b**3 - 3*b**3 + 0*b**3 - 2*b**2 - 10*b. Give p(-1).
0
Let w = -55 - -61. Let q(p) = p - 7. What is q(w)?
-1
Let m(p) = -25 + p + 2*p + p**2 + 24. What is m(2)?
9
Let p(g) = 7*g**3 + 3*g**2 - 2*g. Let t(q) = -7*q**3 - 4*q**2 + 3*q. Let k(a) = 3*p(a) + 2*t(a). Determine k(-1).
-6
Let f(q) be the second derivative of q**5/20 - q**4/4 - 3*q**2/2 - 8*q. Give f(4).
13
Let l(p) = -4*p + 58*p**2 - 57*p**2 - 2 + 6. Determine l(5).
9
Let y(b) = b**3 - 8*b**2 - 9*b - 2. Suppose -3*v + 35 - 8 = 0. Calculate y(v).
-2
Let f(t) = -t**2 - 3*t + 1. Let b = 11 - 8. Suppose 2*d - b = 1. What is f(d)?
-9
Let u(b) = -b**3 + 2*b**2 + 3. Suppose -6 = 2*p, -3*p = g + 2*g. Determine u(g).
-6
Let p(t) = -t**2 + t + 5. Let g(a) = -a**2 + 4. Let d be -15*(2 + 20/(-12)). Let r(l) = d*p(l) + 6*g(l). Give r(-4).
3
Let w(c) = 3*c - 13. Let k(x) = 2*x - 9. Suppose 3*g + 2*g - 25 = 0. Let v(z) = g*w(z) - 7*k(z). Suppose n = -o - 10, -2*n = o - 3*o. Give v(o).
-7
Let w(i) = -i**3 - 2*i**2 + 2*i - 5. Let y(m) = m**3 + 2*m**2 - 3*m + 6. Suppose 0 = -2*n + 6. Let j(p) = n*y(p) + 4*w(p). What is j(-2)?
0
Let n be 1/(-2 - (-14)/6). Let c(i) = 2. Let g(z) = z - 2. Let h(d) = -3*c(d) - 2*g(d). Give h(n).
-8
Let y(q) = -q**3 - 3*q**2 + 1. Let z be 0/((-3)/1) - 2. Give y(z).
-3
Let f(b) = 3*b + 6. Let l(t) = t + 3. Let y be (-1)/(-4) + (-23)/(-4). Let x be (2 + 0)/(y/(-15)). Let z(v) = x*l(v) + 2*f(v). Give z(5).
2
Suppose -8 = 5*c + 12. Let s be (7 + 3 - 0) + c. Let y(q) = -q**2 + 7*q + 5. Give y(s).
11
Suppose -6*k + 2*k = -24. Let b(m) = -m**2 + 8*m - 8. Let h be b(k). Let q(j) = -j + 3. What is q(h)?
-1
Let d(s) be the first derivative of s**3/3 + s**2/2 - 12*s - 8. Give d(0).
-12
Let s be 100/45 + (-4)/18. Let p be (0 + 4)/(3 - 1). Let w(f) = s*f - 3 - f**2 + 4*f**2 + f**3 + p*f**2. What is w(-4)?
5
Let c(k) = -k**2 + 7*k - 5. Let o = 15 + -9. Let w = 1 + o. Give c(w).
-5
Let j(u) = 7*u - 1. Let t(p) = 2*p**2. Let f be t(-2). Let h = -15 + f. Let s = 8 + h. Give j(s).
6
Let y(k) be the first derivative of -k**4/4 - 4*k**3/3 + 2*k**2 + 3*k + 1. Let n = 10 + -6. Let u(v) = v - 9. Let a be u(n). Give y(a).
8
Let i(t) be the first derivative of -t**4/4 + 7*t**3/3 - 5*t**2/2 + 6*t - 13. Give i(6).
12
Let d(k) be the first derivative of 3*k**2/2 + 2*k - 7. Give d(-2).
-4
Let k(p) = -1. Let f(d) = d**2 - d + 2. Let i(x) = f(x) + 5*k(x). Let s(c) = c**3 + 6*c**2 + 7*c - 4. Let y be s(-4). What is i(y)?
-3
Let v(d) = -4*d + 2. Let a(b) = b**2 + 17*b + 2. Let m be a(-17). Calculate v(m).
-6
Let u(k) = -k**2 + 1. Let g(o) = -o**3 - 13*o**2 - 7*o - 3. Let h(a) = g(a) - 5*u(a). Give h(-7).
-8
Let h = -6 - -5. Let p(x) = 7*x**2 + x. Give p(h).
6
Suppose c = 2*c + 6. Let k(a) = -1. Let o(t) = t**2 + 7*t + 12. Let v(h) = 3*k(h) + o(h). What is v(c)?
3
Let y(z) be the first derivative of -z**2 - 7. Let u = -15 - -16. Determine y(u).
-2
Let t = -8 - -6. Let k(i) = i. Calculate k(t).
-2
Let p be (24/(-16))/((-2)/4). Suppose -p*x + 28 = 16. Let g(l) = -l**2 + 4*l - 2. Determine g(x).
-2
Let j(q) be the first derivative of q**3/3 + 3*q**2 - 7*q + 7. Calculate j(-7).
0
Let u(j) = -2*j**2 - 9*j. Let o be u(-6). Let x be o/(-3)*(-1)/(-3). Let m(r) = r**2 + r + 1. Let b(t) = t**2 + 2*t + 1. Let v(a) = -4*b(a) + 5*m(a). Give v(x).
-1
Let y(p) = -p**3 + 4*p**2 - 4*p. Let d = -2 - -4. Suppose 0 = -2*c + d*h, 2 = h - 1. Let a = c + 0. Give y(a).
-3
Let o(c) = 6*c - 6. Let b(w) = 13*w - 13. Let r(p) = 2*b(p) - 5*o(p). Determine r(3).
-8
Let g be 8/(-28) - 16/(-7). Let j(s) be the first derivative of 8*s - 1/2*s**g + 2. Determine j(4).
4
Let v(p) be the second derivative of p**3/3 - 15*p. What is v(-5)?
-10
Let n(q) = -q**3 + 4*q**2 - 5*q + 2. Suppose p + 1 = 2*p. Let o(y) = -y - 8. Let w be o(-8). Let a be (w + 0)/p - -3. What is n(a)?
-4
Let a(o) = 6*o**2 + 3*o + 7 - 5*o + 0*o - o**3. Let t = 17 - 11. Let x be a(t). Let s(q) = q - 2. Determine s(x).
-7
Let v = -23 + 13. Let g be 1/2 + (-5)/v. Let f(n) = -4*n**2 + n. What is f(g)?
-3
Let p(y) = -y**3 - 11*y**2 - 6*y + 11. Let t(n) = n. Let g(r) = -p(r) + 3*t(r). Let j be g(-10). Let x(w) = -7*w - 1. What is x(j)?
6
Let t = -70 + 67. Let l(q) be the second derivative of q**6/360 + q**5/120 - q**4/24 + q**3/3 + q. Let k(o) be the second derivative of l(o). What is k(t)?
5
Suppose 0*t - 6 = -2*t. Let g(a) be the second derivative of a**3/6 - 3*a - 3. What is g(t)?
3
Let r(j) = 2*j**2 + 2*j + 3. Let i(g) = -g**3 - 5*g**2 + 3*g + 3. Let t(v) = v - 5. Let u be t(0). Let f be i(u). Let b be (6/4)/(9/f). Calculate r(b).
7
Let w = 37 - 39. Let m(f) be the second derivative of 0*f**3 - f - f**2 - 1/12*f**4 - 1/20*f**5 + 0. Calculate m(w).
2
Let y(i) = -i**2 - 2*i + 2. Suppose -4*o = -x - x - 56, 4*o = 5*x + 56. Let p = -18 + o. Calculate y(p).
-6
Let n(t) = -t**3 + 4*t**2 - 3*t. Let h be n(2). Suppose a + y = h*y + 1, 5*y = -a - 23. Let g(f) = f**3 + 4*f**2 - 2*f - 4. Determine g(a).
11
Let w = 7 + -41/6. Let h(i) be the third derivative of 0 + 0*i + i**2 + w*i**3 + 1/24*i**4. What is h(-2)?
-1
Let n(h) = -7*h**2 - 8*h - 3. Let w(a) = -a**3 - a**2 - 1. Let v(q) = -n(q) - w(q). Give v(-7).
-3
Let t(w) = -w**2 + 4*w + 2. Suppose 1 = -4*g + 21. Calculate t(g).
-3
Let v(y) = -2*y + 3*y**2 - 6*y - 1 - 4*y**2. Suppose n + 16 = -3*a + 2*n, 3*n + 30 = -4*a. Give v(a).
11
Let a = -18 + 21. Let j(i) = -2*i. Give j(a).
-6
Let a(l) be the first derivative of 7*l**2/2 - l - 6. Determine a(1).
6
Let w(i) = i**2 - 2*i**2 - 4*i - 2 + 2*i**2. Let p be (-5)/2*(-16)/10. Suppose 2*r - p = -2*d, 0*r = 4*r + 4. Give w(d).
-5
Let q = -108 + 112. Let x(y) = y**3 - 3*y**2 - 3*y - 8. Give x(q).
-4
Suppose -2*k - 3*w = -k, -2*k = -3*w. Let s(a) be the second derivative of a**3/6 - 3*a**2/2 + 7*a. Determine s(k).
-3
Suppose 5*y - 15 = v, -2*y = v - 0 + 1. Suppose -2*u = -5*g - 4*u - 11, -y*u = -g + 5. Let s(b) = 3*b**2 + 2*b**3 - 2*b**2 + b + 0*b**2. What is s(g)?
-2
Let z(c) = -2*c - 7. Let m be z(-5). Suppose y = -3*y, -m*y = 4*p. Let j(o) = -o + 7. Determine j(p).
7
Let b(n) = 2*n - 4*n + 3*n. Let z be 64/(-10) - 4/(-10). Let f = z - -5. Calculate b(f).
-1
Let x(s) be the second derivative of s**7/840 + s**6/90 + s**5/40 + s**4/6 + s**3/3 + 3*s. Let v(l) be the second derivative of x(l). Calculate v(-4).
-8
Let f(n) = -1 - 3 - n + 3 - n**3. Let v be 4 + 13 - 2/(-2). Let s = v - 18. Calculate f(s).
-1
Suppose -9*q + 4*q + 110 = 0. Suppose n + 6 = -2*n, 3*t - 5*n - q = 0. Let w(v) = -v**2 + 5*v + 2. Calculate w(t).
6
Let i be 4/6 + (-16)/6. Let j be (-1)/(1/i)*1. Suppose 0 = -2*a - 2*l + 4, -5*l + j = 3*a - 2. Let f(d) = -d**3 + 2*d**2 + 5*d - 4. Determine f(a).
2
Let p(y) be the first derivative of y**5/60 + y**4/6 + 2*y**3/3 - y**2 + 1. Let v(c) be the second derivative of p(c). Calculate v(-5).
9
Let c be 11/4 + (-1)/(-4). Let p(l) = -3*l**2 - l**c + 7*l**2 - 8 - l**2 + 2*l**2 + 8*l. Give p(6).
4
Let i(c) = -c**2 + 14*c - 5. Let v(p) = -p**2 + 13*p - 5. Let s(x) = 4*i(x) - 5*v(x). What is s(7)?
-9
Let h(r) = -r**2 + 5*r - 1. Suppose 0 = c - 2*c. Suppose -5*n + 4*y + 45 = -c*y, -3*n = -4*y - 35. Determine h(n).
-1
Let c(w) = -2*w - 4*w + 3*w. Let n be c(1). Let m = n + 6. Let y(b) = -2*b + 3. Give y(m).
-3
Let p(z) = 6*z**3 - z**2 + z - 1. Suppose -3*n + 17 = -2*f, -f - 4*f = -2*n + 26. Suppo